 is t(-5)?
-9
Let z(f) = -3*f**2 - 21*f + 39. Determine z(-9).
-15
Let w(a) = -3*a**3 - a**2 - 3*a. What is w(-3)?
81
Let l(k) = -47*k + 1272. What is l(27)?
3
Let w(j) = -10*j + 23. What is w(8)?
-57
Let w(j) = j**3 + 11*j**2 - 42*j. Give w(-14).
0
Let c(b) = b**3 - 13*b**2 + 43*b + 1. What is c(7)?
8
Let y(z) = 69*z**2 + 8*z - 8. What is y(1)?
69
Let w(s) = 4*s + 2. Determine w(-4).
-14
Let f(n) = n + 24. Determine f(-10).
14
Let q(n) = -n**3 + 12*n**2 - 12*n + 14. What is q(11)?
3
Let c(u) = 3*u - 15. Calculate c(10).
15
Let v(h) = 2*h**3 - 5*h**2 + 3*h + 4. Calculate v(2).
6
Let x(y) = 46*y**2 - y. Determine x(-1).
47
Let g(p) = p**3 + 12*p**2 + 11*p + 3. Calculate g(-11).
3
Let m(s) = 2*s**2 + 4*s - 9. Give m(2).
7
Let i(p) = p**3 - 6*p**2 - 12*p + 3. Determine i(7).
-32
Let v(q) = -q**2 - 11*q - 26. Calculate v(-10).
-16
Let z(q) = -13*q + 53. Give z(5).
-12
Let z(c) = 8*c + 307. Determine z(-39).
-5
Let k(c) = -2*c**2 - 9*c - 15. What is k(-7)?
-50
Let u(y) = -6*y**2 + 12*y + 9. Determine u(2).
9
Let d(y) = -y**3 - 4*y**2 + y - 6. Give d(-5).
14
Let q(v) = v + 13. Calculate q(-7).
6
Let s(t) = -10*t**3 - t**2. Determine s(-1).
9
Let c(x) = -x**3 - 2*x**2 + x - 6. What is c(0)?
-6
Let t(r) = r**3 - 8*r**2 + 6*r + 7. Give t(7).
0
Let k(i) = i**3 + i**2 - 20*i - 34. Give k(-2).
2
Let h(m) = 30*m - 8. Give h(-2).
-68
Let n(i) = i**3 - 6*i**2 + 5*i - 3. Determine n(5).
-3
Let b(l) = -52*l + 110. Calculate b(2).
6
Let k(t) = -t**2 + 10*t + 6. What is k(11)?
-5
Let m(g) = 7*g**2 + g - 2. Calculate m(-2).
24
Let l(b) = b - 17. What is l(-6)?
-23
Let k(l) = -l**3 - 7*l**2 - 43*l - 208. Calculate k(-6).
14
Let b(l) = l**3 - 6*l**2 + 10*l - 4. Calculate b(4).
4
Let t(z) = 30*z + 620. Give t(-21).
-10
Let t(n) = n**3 + 6*n**2 - 18*n - 73. What is t(-7)?
4
Let d(q) = 3*q**2 + 6*q + 32. What is d(-5)?
77
Let j(l) = l**3 - 12*l**2 + 9*l + 10. Give j(11).
-12
Let t(c) = -5*c + 80. Determine t(19).
-15
Let i(p) = -5*p + 8. Determine i(-3).
23
Let g(w) = -3*w - 8. Determine g(-4).
4
Let i(r) = -r**3 - 13*r**2 - 10. Determine i(-13).
-10
Let x(p) = 43*p - 172. Give x(4).
0
Let w(l) = l**3 + 5*l**2 + 5*l + 3. What is w(-5)?
-22
Let a(s) = s**2 - 19*s - 6. Calculate a(15).
-66
Let i(q) = q**2 + 14*q + 2. Give i(-11).
-31
Let t(d) = -3*d - 18. Determine t(-3).
-9
Let w(b) = -5*b**2 - 3*b - 3. Give w(-1).
-5
Let b(h) = -2*h**2 + 13*h - 6. Calculate b(6).
0
Let o(l) = 73*l + 586. Give o(-8).
2
Let m(s) = s + 3. Give m(-4).
-1
Let x(g) = -2*g + 34. Determine x(0).
34
Let q(h) = h**2 - 7*h - 10. Give q(9).
8
Let h(d) = -13*d + 17. Determine h(-5).
82
Let b(r) = 6*r**2 - 81*r + 101. Determine b(12).
-7
Let u(a) = 9*a + 18. Calculate u(2).
36
Let f(m) = m + 9. Determine f(30).
39
Let x(h) = -24*h. Determine x(2).
-48
Let m(y) = -11*y**3 - 3*y + 1. Give m(1).
-13
Let j(p) = 2*p - 1. Calculate j(3).
5
Let w(b) = -b**2 - 66*b + 599. Determine w(8).
7
Let v(q) = q**3 + 21*q**2 + 22*q + 42. Give v(-20).
2
Let l(c) = c**2 - 6*c + 7. Give l(4).
-1
Let y(h) = 2*h**2 + 25*h - 5. Calculate y(-13).
8
Let l(b) = b**3 + 26*b**2 + 32*b + 72. Determine l(-25).
-103
Let f(i) = -i**2 + 6*i + 25. Give f(-12).
-191
Let q(y) = y**3 + 4*y**2 - 6*y - 1. Determine q(-5).
4
Let s(f) = -5*f + 64. Give s(10).
14
Let j(g) = g**2 - 11*g + 31. What is j(6)?
1
Let r(i) = -i**3 + 2*i**2 + 7*i + 1. Give r(3).
13
Let j(y) = 6*y + 40. Calculate j(-8).
-8
Let k(h) = h**3 + h**2 + 2*h. Give k(0).
0
Let g(y) = 15*y - 127. What is g(9)?
8
Let d(w) = w**3 + w**2 - 40. Determine d(0).
-40
Let j(k) = k + 46. What is j(-11)?
35
Let y(b) = 8*b + 74. What is y(-10)?
-6
Let u(i) = i**2 + 8*i + 3. Give u(-5).
-12
Let f(v) = -v - 22. What is f(-6)?
-16
Let q(l) = -l**3 + 13*l**2 - 38*l - 16. Calculate q(8).
0
Let q(f) = -f - 6. Calculate q(-23).
17
Let o(u) = u**3 + u**2 - 8*u + 20. What is o(2)?
16
Let n(j) = -j**3 + 32*j**2 - 86*j - 28. Calculate n(29).
1
Let n(z) = z**2 + 8*z - 52. Give n(-12).
-4
Let t(k) = -k**2 + 7*k + 25. Determine t(12).
-35
Let a(w) = 9*w + 29. What is a(-4)?
-7
Let u(f) = -74*f - 8. Calculate u(1).
-82
Let f(a) = a**3 + 2*a**2 - a - 2. Calculate f(-2).
0
Let y(z) = -21*z + 8. Determine y(1).
-13
Let r(z) = 8*z + 6. Calculate r(-3).
-18
Let t(j) = -j**3 - 10*j**2 - 10*j - 21. Give t(-10).
79
Let f(b) = -b**2 - 2*b + 10. Determine f(5).
-25
Let x(k) = -k**3 - k**2 - k - 2. Calculate x(2).
-16
Let k(f) = f**3 - 7*f**2 - 4*f - 32. What is k(8)?
0
Let n(r) = r**3 + 7*r**2 + 7*r + 15. Calculate n(-6).
9
Let t(p) = -4*p**3 + 2*p**2 + p + 3. Calculate t(-2).
41
Let w(t) = -t**2 - 6*t + 3. Determine w(-3).
12
Let l(v) = v**3 - 5*v**2 - 2*v + 2. What is l(5)?
-8
Let c(d) = d + 52. What is c(-18)?
34
Let n(k) = -3*k - 1. Give n(6).
-19
Let q(m) = 12*m**2 - 4*m. Determine q(-3).
120
Let i(s) = -2*s**2 + 24*s + 38. Determine i(14).
-18
Let z(n) = 2*n - 44. What is z(15)?
-14
Let n(o) = o - 10. Calculate n(8).
-2
Let g(j) = 12*j - 307. Determine g(25).
-7
Let r(t) = -t**2 + 10*t + 7. Calculate r(6).
31
Let q(t) = -t**3 + 12*t**2 + 2. What is q(12)?
2
Let d(c) = -3*c + 56. Determine d(17).
5
Let g(f) = f**3 - 9*f**2 - 5*f + 6. Give g(9).
-39
Let x(i) = 12*i - 189. Calculate x(16).
3
Let q(x) = x**3 + 13*x**2 + 12*x - 14. What is q(-12)?
-14
Let o(p) = 5*p + 130. Determine o(-25).
5
Let q(f) = 32*f**2 + 230*f + 44. Determine q(-7).
2
Let f(h) = 27*h**2 + 1. Calculate f(-1).
28
Let v(w) = -w**3 + 3*w**2 + w + 2. Give v(2).
8
Let l(m) = -7*m**3 - 5*m**2 - m + 1. Determine l(-2).
39
Let j(u) = u**2 - 2*u - 3. Calculate j(0).
-3
Let z(g) = g**3 + 7*g**2 - 27*g - 2. Determine z(-10).
-32
Let x(n) = n**3 + 16*n**2 + 25*n - 4. Calculate x(-14).
38
Let d(p) = p**3 + 7*p**2 + 23*p + 63. What is d(-5)?
-2
Let c(o) = 19*o**2 - o - 4. Calculate c(2).
70
Let i(w) = -35*w - 12. Calculate i(5).
-187
Let p(g) = -6*g**2 - 13*g - 12. Give p(-4).
-56
Let s(z) = 2*z**3 + 46*z**2 + 36*z - 181. What is s(-22)?
-5
Let b(a) = -a**2 + 37*a + 218. Calculate b(-5).
8
Let q(v) = -v**2 - 5*v + 18. What is q(7)?
-66
Let v(g) = -g**3 + 23*g**2 - 21*g - 53. What is v(22)?
-31
Let y(m) = m**3 - 9*m**2 - 10*m + 14. Determine y(9).
-76
Let d(b) = -b**2 - 9*b + 226. What is d(12)?
-26
Let s(f) = -4*f + 39. Give s(11).
-5
Let y(f) = -f**3 - 6*f**2 + 65*f - 81. Give y(-12).
3
Let o(m) = -2*m**3 - 18*m**2 + 24*m + 40. Give o(-10).
0
Let p(w) = -2*w**2 + 3*w + 10. Calculate p(0).
10
Let t(x) = -x**2 + 10*x - 5. Calculate t(9).
4
Let z(s) = -s**3 + 4*s**2 - 3*s + 6. Determine z(4).
-6
Let q(i) = -i**3 + 28*i**2 - 26*i - 42. What is q(27)?
-15
Let m(q) = q**2 + 26*q + 117. Calculate m(-21).
12
Let c(f) = -f**3 + 8*f**2 - 7*f - 7. Give c(7).
-7
Let l(t) = 37*t**3 + 2*t + 1. Calculate l(-1).
-38
Let j(z) = -16*z + 172. Give j(10).
12
Let q(n) = -2*n**2 + 17*n - 20. Determine q(8).
-12
Let x(l) = -l**3 + 5*l**2 + 5*l - 10. What is x(5)?
15
Let u(t) = 2*t**2 - 6*t. Calculate u(6).
36
Let m(c) = c**2 - 2*c - 41. Calculate m(0).
-41
Let r(d) = 2*d**2 - d - 6. Give r(-2).
4
Let v(i) = -3*i + 2. Determine v(0).
2
Let s(j) = -2*j**2 + 2*j + 3. Determine s(2).
-1
Let v(x) = -3*x**3 + 4*x**2 - 6*x + 2. What is v(2)?
-18
Let a(g) = -4*g**2 - 4*g - 4. What is a(-4)?
-52
Let v(i) = i + 3. Determine v(0).
3
Let u(x) = -3*x**2 + 55*x - 13. Determine u(18).
5
Let t(g) = -g**3 - 4*g**2 + 6*g - 9. What is t(-6)?
27
Let v(p) = 4*p + 2. Give v(4).
18
Let x(p) = -p**3 + 7*p**2 - 8*p + 13. Calculate x(6).
1
Let n(s) = s - 3. Give n(4).
1
Let l(w) = -w**3 + 16*w**2 + 16*w + 20. Determine l(17).
3
Let r(z) = 17*z - 73. Determine r(5).
12
Let i(m) = m**2 + m + 27. What is i(0)?
27
Let h(q) = -q - 26. Determine h(0).
-26
Let g(b) = -b - 12. Calculate g(-18).
6
Let a(v) = -9*v - 180. Give a(-20).
0
Let p(d) = d**3 + 17*d**2 + 20*d + 16. Give p(-16).
-48
Let r(z) = z**3 + 3*z**2 - 2*z + 1. Calculate r(2).
17
Let m(x) = -11*x**2 + 5*x + 5. Give m(-1).
-11
Let b(w) = -w**2 + 7*w + 6. Determine b(7).
6
Let o(r) = -r**3 - 4*r**2 - 4. Determine o(-4).
-4
Let g(w) = -w**3 + 20*w**2 - 12*w - 124. Determine g(19).
9
Let n(l) = 12*l - 2. Determine n(-2).
-26
Let s(z) = -z + 2. What is s(-9)?
11
Let c(x) = -4*x + 2. What is c(14)?
-54
Let z(y) = -3*y + 6. Determine z(2).
0
Let a(v) = v**3 - 11*v**2 + 13*v + 13. Give a(10).
43
Let t(l) = l**2 + 5*l - 44. What is t(-11)?
22
L